 q?
2
Let c = 655 - 387. Suppose -48*y + 50*y - c = 0. What is the hundreds digit of y?
1
Let p(h) = -21*h - 154. Let l be p(-7). Let b(v) = v + 3*v + 2 + 2*v**2 + 2*v. What is the tens digit of b(l)?
5
Suppose 0 = -14*o + 13*o. Let m be (-1 - -2)*(o - -1). What is the units digit of 0/(-2 - m) - -18?
8
Let i = -22 + 38. Suppose -4*b - 3*g = -201, -2*b + 4*g = -4*b + 88. Suppose -3*n = -2*n + 3*u - i, b = 4*n + 2*u. What is the tens digit of n?
1
Let c(x) = -54*x**3 + 3*x**2 + x. Let q be c(-1). Suppose -28*w + q = -27*w. What is the units digit of w?
6
Let q be (104/(-10))/(6/60). Let f = 150 + q. What is the tens digit of f?
4
Suppose 38*n - 86096 = -9222. What is the tens digit of n?
2
Suppose -i = 8*g - 10*g - 1421, 4*g + 5676 = 4*i. What is the thousands digit of i?
1
What is the tens digit of (-4)/3 - (-2 + (-2514)/9)?
8
Let j be (-8)/2 - (-4 - 23). Let h = j - 18. Suppose 3*q + 2*i + 8 - 66 = 0, 0 = -h*q + i + 101. What is the units digit of q?
0
Let q(p) = 55*p - 177. What is the tens digit of q(13)?
3
Suppose 9*c = 11*c. Suppose -a - 3*t + c = -15, -5 = a - 2*t. Suppose 107 - 29 = a*x. What is the units digit of x?
6
Let b(u) = 331*u**2 - u - 4. What is the units digit of b(-1)?
8
Let m = 1301 + -836. What is the tens digit of m?
6
Let n = -10 + 26. Let k(b) = 2*b**2 - 3*b - 9. Let y be k(-4). Let x = y - n. What is the tens digit of x?
1
What is the thousands digit of 8*1/2 + 1303 + -35?
1
What is the thousands digit of (-30)/40 + 34722/24?
1
Suppose 5*z - 295 = -5*a, -a + 114 = 2*z - 5. Suppose 14*n - 20 = 106. Suppose n*h - z = 5*h. What is the units digit of h?
5
Suppose 4 = d + 13. Let u be 2/(-9) - 299/(-9). Let t = d + u. What is the tens digit of t?
2
Suppose -14*g - 1712 = -5800. What is the tens digit of g?
9
Let y(p) = p**3 + 18*p**2 - 4*p + 24. Let b(f) = -3*f**3 + 3*f**2 - 3*f. Let l be b(2). What is the tens digit of y(l)?
9
Let h = 927 - 467. What is the hundreds digit of h?
4
Let l = -822 + 1637. What is the tens digit of l?
1
Suppose t = -2*w - 12 - 3, 0 = -3*w + 5*t - 29. Let g = w + 12. Suppose z - 1 = g. What is the units digit of z?
5
Let h(l) = -l**3 + 11*l**2 - 9*l - 14. Let t be h(10). Let j(s) = -s**3 - 5*s. What is the tens digit of j(t)?
8
Let f = 532 - -455. What is the hundreds digit of f?
9
Suppose -y - 5*y = 6. Let a be (192/(-6))/(2 + y). Let j = 35 + a. What is the units digit of j?
3
Suppose 201*f + 117711 = 230*f. What is the thousands digit of f?
4
Suppose -2*r = 3*r - 85. Let y(i) = i**3 + 9*i**2 + 6*i - 14. Let f be y(-8). Let p = f + r. What is the units digit of p?
9
What is the units digit of 3 - (287/(-9) + (-53)/477)?
5
Let b(z) = 188*z**3 + 3*z**2 - 3*z + 1. What is the hundreds digit of b(2)?
5
Let z(i) = 7*i**3 - 4*i + 2*i - 2*i**3 + 6 - 8*i**3 - 10*i**2. What is the hundreds digit of z(-5)?
1
Let b be (2 + -2 - -1) + 1. Suppose -5*j + 73 = 4*o - 128, -3*o = b*j - 156. What is the units digit of o?
4
Let v be ((-3)/(-2))/((-6)/(-12)). Suppose -3*l - 7 - 16 = w, v*w + 53 = -l. Let q = w + 31. What is the tens digit of q?
1
Suppose b + b = -3*k - 2, -1 = -3*k + b. Suppose k = i - 0 - 5. Suppose -f = 6*x - x - 68, i*f + 38 = 2*x. What is the units digit of x?
4
Let j(i) = -i**3 + 4*i**2 - 2*i - 6. Suppose -3*p - 8 = 4. What is the tens digit of j(p)?
3
Let b(x) = 5*x**2 - 2*x**2 + 2*x**2 - x + 3. What is the tens digit of b(2)?
2
What is the hundreds digit of 6/10 + (-67666)/(-115)?
5
What is the tens digit of ((-55)/(-4) - 0)/((-30)/(-7320))?
5
Suppose 0*u - 8 = 2*u, -2165 = -3*s - 4*u. What is the units digit of s?
7
Suppose -12*m + 13*m = 41. What is the units digit of m?
1
Let l(f) = 82*f - 194. What is the hundreds digit of l(12)?
7
Let c(s) = s**2 - s + 3. Let x be c(6). Let t(v) = -v**3 - 3*v**2 + 15*v + 7. Let a be t(-6). Let d = x + a. What is the tens digit of d?
5
Let q(b) = 60*b - 1 + 54*b - 22. What is the tens digit of q(3)?
1
What is the hundreds digit of ((-5)/3)/((-24)/2088)?
1
Let s = -7 + 27. Let k(z) = -z**2 + 13*z + 72. Let w be k(18). Let m = w + s. What is the units digit of m?
2
Let g(w) = -w**3 - 34*w**2 - 33*w - 54. What is the hundreds digit of g(-36)?
7
Let c = 430 - -240. What is the hundreds digit of c?
6
Let b(s) = -s**3 - 9*s**2 + 5*s - 10. Let g be b(-10). Let l = 97 - g. What is the units digit of l?
7
Let l(o) = o**2 - 3*o + 17. Let j(b) = -b**3 + 5*b**2 - 2*b - 5. Let y be j(4). Let m be 2 - ((-27)/y + 4). What is the units digit of l(m)?
5
Suppose -2*x - 5*f = 3*x + 105, -3*f - 12 = 0. Let n = x + 17. What is the units digit of 75 + n/(1 - 4)?
5
Suppose -3*j + 1090 = -416. What is the units digit of j?
2
Let z be 2/6 - 4/(-6). Suppose -z + 17 = 2*n. What is the tens digit of n/20 - 88/(-5)?
1
Let o(q) be the third derivative of q**7/720 + q**6/720 + q**5/12 + 6*q**2. Let n(d) be the third derivative of o(d). What is the units digit of n(2)?
5
Suppose 0*b - 8 = -4*b. Suppose b*p - 7*p = -260. What is the units digit of p?
2
Suppose 144 = 2*x - 266. What is the units digit of (18/(-15))/(-3)*x?
2
Suppose 0*o - 9*o + 666 = 0. Let w = o - 24. What is the tens digit of w?
5
What is the hundreds digit of (9 - 6)/((-3)/(-578))?
5
What is the units digit of (-5 - (1 - 2))*5362/(-28)?
6
Let r(h) = -5*h + 7. Let i be r(-5). Let x = i - -126. What is the tens digit of x?
5
Suppose -2*c - 76 = -2*u, -2*u + 3*c + 96 = 6*c. What is the units digit of u?
2
Suppose 25 = 5*d, -4*n + 2126 - 540 = 2*d. Let h = n + -160. What is the units digit of h?
4
Suppose -3*i + 0*i + 123 = 0. Let x be 1/(87/(-15) + 2 + 4). Suppose 4*v + 4*y = i + 27, -93 = -x*v - 3*y. What is the units digit of v?
1
Suppose 209 + 729 = 14*n. Suppose -n*i + 352 = -63*i. What is the units digit of i?
8
Let l(p) = -4*p**3 - 8*p**2 - 21*p + 12. What is the thousands digit of l(-10)?
3
Let n(m) = 17*m + 17. Suppose -25 = 5*f - 10*f. What is the hundreds digit of n(f)?
1
Suppose 1181 = 7*z - 3229. What is the tens digit of z?
3
Let w(y) = -1 - 2*y**2 + 8*y - y + 3*y**2. Let c be w(-6). What is the units digit of (-89)/c + 32/112?
3
Let a(q) = q**2 - 8*q + 1. Let n(s) = 3*s**2 + 2*s. Let d be n(-2). Let h be a(d). What is the units digit of -6*h*2/(-4)?
3
Suppose 0 + 16 = -8*g. What is the tens digit of (-6)/(g/(-4) - 27/50)?
5
Let w = 12 + -14. Let y be w/(-4)*(-216)/(-4). Let t = 55 - y. What is the units digit of t?
8
Let h(r) be the first derivative of -8*r**2 + 36*r + 8. Let p(k) = -3*k + 7. Let a(d) = 2*h(d) - 11*p(d). What is the units digit of a(7)?
2
Suppose 0 = 4*h - 0 - 120. Suppose y = 2*z + h, -132 = -3*y - y - 4*z. Suppose 3*k - 29 = d, -2*k - 2*d = k - y. What is the units digit of k?
0
Let t = 884 + -392. What is the tens digit of t?
9
Suppose -3*o = 5*a - 189, 100 = 3*a + 4*o - 9. Suppose 4*z = a + 85. What is the tens digit of z?
3
Let x(h) = -h**3 - 5*h**2 - 8*h - 8. Let n be x(-4). Suppose -3*r + n = r. Suppose r*w - 30 = 68. What is the tens digit of w?
4
Suppose -2*s = -3*s + 2*d - 49, -2*d = 5*s + 293. Let f = s + 83. What is the tens digit of f?
2
Let f = 7860 + -3808. What is the tens digit of f?
5
Let t = -7 - -29. Let b = t + -22. Suppose -2*w + 4*u + 54 = b, u = -w - 8 + 47. What is the tens digit of w?
3
Suppose 0 = -13*q + 10*q + 15. Suppose 4*o = 2*v + 634, 0 = 2*o + 3*v - 164 - 133. Suppose -o + 16 = -q*h. What is the units digit of h?
8
Let f be (-1)/(-7) + (-192)/(-28). Let i(a) = -a**3 + 8*a**2 - 3*a - 7. What is the tens digit of i(f)?
2
Let o(h) = -h**3 + 7*h**2 - 6*h + 5. Let y be o(6). Suppose 3*k - y*a = 33, -a + 7 + 8 = 3*k. What is the units digit of k?
6
Let t = -8 - -12. Suppose 4*l - 4*w = 32, -t = 2*w + 2. Suppose -69 + 9 = -l*d. What is the units digit of d?
2
Let c be (7/2)/((-3)/(-6)). Suppose -c + 1 = -q. What is the tens digit of q/(-3) - -5 - -11?
1
Let d(q) = -66*q**3 - q**2 - q. Let r = 22 + -21. Suppose -2*u + 4*k - 2 = 0, 2*u = u - 5*k - r. What is the tens digit of d(u)?
6
What is the tens digit of 97/2 + (-4)/(-8) + 0?
4
Let m = 1500 - 533. What is the hundreds digit of m?
9
What is the hundreds digit of ((-990)/(-10))/((-3)/(-12)*1)?
3
Let h = -112 + 116. What is the tens digit of 144 + (-1)/h + (-20)/(-16)?
4
Let l be (-3880)/(-15) + 4/(-6). What is the hundreds digit of (0 - l/(-8))/((-1)/(-4))?
1
Let j = 1311 + -903. What is the hundreds digit 